[INFO] cloning repository https://github.com/JohnAZoidberg/ryt-rss
[INFO] running `Command { std: "git" "-c" "credential.helper=" "-c" "credential.helper=/workspace/cargo-home/bin/git-credential-null" "clone" "--bare" "https://github.com/JohnAZoidberg/ryt-rss" "/workspace/cache/git-repos/https%3A%2F%2Fgithub.com%2FJohnAZoidberg%2Fryt-rss", kill_on_drop: false }`
[INFO] [stderr] Cloning into bare repository '/workspace/cache/git-repos/https%3A%2F%2Fgithub.com%2FJohnAZoidberg%2Fryt-rss'...
[INFO] running `Command { std: "git" "rev-parse" "HEAD", kill_on_drop: false }`
[INFO] [stdout] 484708a6d7092e5dfd3a8beda3d1c8e003ffd6cf
[INFO] checking JohnAZoidberg/ryt-rss against master#e6e4f7ed1589e03bc2f6c5931c1a72e7947e8682 for beta-170-4
[INFO] running `Command { std: "git" "clone" "/workspace/cache/git-repos/https%3A%2F%2Fgithub.com%2FJohnAZoidberg%2Fryt-rss" "/workspace/builds/worker-7-tc2/source", kill_on_drop: false }`
[INFO] [stderr] Cloning into '/workspace/builds/worker-7-tc2/source'...
[INFO] [stderr] done.
[INFO] validating manifest of git repo https://github.com/JohnAZoidberg/ryt-rss on toolchain e6e4f7ed1589e03bc2f6c5931c1a72e7947e8682
[INFO] running `Command { std: CARGO_HOME="/workspace/cargo-home" RUSTUP_HOME="/workspace/rustup-home" "/workspace/cargo-home/bin/cargo" "+e6e4f7ed1589e03bc2f6c5931c1a72e7947e8682" "metadata" "--manifest-path" "Cargo.toml" "--no-deps", kill_on_drop: false }`
[INFO] started tweaking git repo https://github.com/JohnAZoidberg/ryt-rss
[INFO] finished tweaking git repo https://github.com/JohnAZoidberg/ryt-rss
[INFO] tweaked toml for git repo https://github.com/JohnAZoidberg/ryt-rss written to /workspace/builds/worker-7-tc2/source/Cargo.toml
[INFO] crate git repo https://github.com/JohnAZoidberg/ryt-rss already has a lockfile, it will not be regenerated
[INFO] running `Command { std: CARGO_HOME="/workspace/cargo-home" RUSTUP_HOME="/workspace/rustup-home" "/workspace/cargo-home/bin/cargo" "+e6e4f7ed1589e03bc2f6c5931c1a72e7947e8682" "fetch" "--manifest-path" "Cargo.toml", kill_on_drop: false }`
[INFO] running `Command { std: "docker" "create" "-v" "/var/lib/crater-agent-workspace/builds/worker-7-tc2/target:/opt/rustwide/target:rw,Z" "-v" "/var/lib/crater-agent-workspace/builds/worker-7-tc2/source:/opt/rustwide/workdir:ro,Z" "-v" "/var/lib/crater-agent-workspace/cargo-home:/opt/rustwide/cargo-home:ro,Z" "-v" "/var/lib/crater-agent-workspace/rustup-home:/opt/rustwide/rustup-home:ro,Z" "-e" "SOURCE_DIR=/opt/rustwide/workdir" "-e" "CARGO_TARGET_DIR=/opt/rustwide/target" "-e" "CARGO_HOME=/opt/rustwide/cargo-home" "-e" "RUSTUP_HOME=/opt/rustwide/rustup-home" "-w" "/opt/rustwide/workdir" "-m" "1610612736" "--user" "0:0" "--network" "none" "ghcr.io/rust-lang/crates-build-env/linux@sha256:19e73879b68f455e41552ea35293514db52ea292d993f571636dbffedb77a1ee" "/opt/rustwide/cargo-home/bin/cargo" "+e6e4f7ed1589e03bc2f6c5931c1a72e7947e8682" "metadata" "--no-deps" "--format-version=1", kill_on_drop: false }`
[INFO] [stdout] c7d846d690a025179d1c3945e8de128edd47f7a352d74821628e1808e8d3e5b3
[INFO] running `Command { std: "docker" "start" "-a" "c7d846d690a025179d1c3945e8de128edd47f7a352d74821628e1808e8d3e5b3", kill_on_drop: false }`
[INFO] running `Command { std: "docker" "inspect" "c7d846d690a025179d1c3945e8de128edd47f7a352d74821628e1808e8d3e5b3", kill_on_drop: false }`
[INFO] running `Command { std: "docker" "rm" "-f" "c7d846d690a025179d1c3945e8de128edd47f7a352d74821628e1808e8d3e5b3", kill_on_drop: false }`
[INFO] [stdout] c7d846d690a025179d1c3945e8de128edd47f7a352d74821628e1808e8d3e5b3
[INFO] running `Command { std: "docker" "create" "-v" "/var/lib/crater-agent-workspace/builds/worker-7-tc2/target:/opt/rustwide/target:rw,Z" "-v" "/var/lib/crater-agent-workspace/builds/worker-7-tc2/source:/opt/rustwide/workdir:ro,Z" "-v" "/var/lib/crater-agent-workspace/cargo-home:/opt/rustwide/cargo-home:ro,Z" "-v" "/var/lib/crater-agent-workspace/rustup-home:/opt/rustwide/rustup-home:ro,Z" "-e" "SOURCE_DIR=/opt/rustwide/workdir" "-e" "CARGO_TARGET_DIR=/opt/rustwide/target" "-e" "CARGO_INCREMENTAL=0" "-e" "RUST_BACKTRACE=full" "-e" "RUSTFLAGS=--cap-lints=forbid" "-e" "RUSTDOCFLAGS=--cap-lints=forbid" "-e" "CARGO_HOME=/opt/rustwide/cargo-home" "-e" "RUSTUP_HOME=/opt/rustwide/rustup-home" "-w" "/opt/rustwide/workdir" "-m" "1610612736" "--user" "0:0" "--network" "none" "ghcr.io/rust-lang/crates-build-env/linux@sha256:19e73879b68f455e41552ea35293514db52ea292d993f571636dbffedb77a1ee" "/opt/rustwide/cargo-home/bin/cargo" "+e6e4f7ed1589e03bc2f6c5931c1a72e7947e8682" "check" "--frozen" "--all" "--all-targets" "--message-format=json", kill_on_drop: false }`
[INFO] [stdout] 7ec924070a4dfc44f4108ef7e038993846256ce547865d1dce5c47ac791df79e
[INFO] running `Command { std: "docker" "start" "-a" "7ec924070a4dfc44f4108ef7e038993846256ce547865d1dce5c47ac791df79e", kill_on_drop: false }`
[INFO] [stderr]     Checking libc v0.2.42
[INFO] [stderr]    Compiling version_check v0.1.4
[INFO] [stderr]     Checking cfg-if v0.1.4
[INFO] [stderr]     Checking futures v0.1.23
[INFO] [stderr]     Checking byteorder v1.2.3
[INFO] [stderr]     Checking lazy_static v1.0.2
[INFO] [stderr]     Checking log v0.4.3
[INFO] [stderr]    Compiling cc v1.0.18
[INFO] [stderr]    Compiling nodrop v0.1.12
[INFO] [stderr]    Compiling arrayvec v0.4.7
[INFO] [stderr]    Compiling crossbeam-utils v0.2.2
[INFO] [stderr]    Compiling scopeguard v0.3.3
[INFO] [stderr]    Compiling memoffset v0.2.1
[INFO] [stderr]    Compiling unicase v1.4.2
[INFO] [stderr]    Compiling crossbeam-epoch v0.3.1
[INFO] [stderr]    Compiling num_cpus v1.8.0
[INFO] [stderr]    Compiling serde v1.0.70
[INFO] [stderr]    Compiling rayon-core v1.4.1
[INFO] [stderr]     Checking iovec v0.1.2
[INFO] [stderr]     Checking bytes v0.4.8
[INFO] [stderr]    Compiling crossbeam-deque v0.2.0
[INFO] [stderr]     Checking rand v0.4.2
[INFO] [stderr]     Checking net2 v0.2.33
[INFO] [stderr]     Checking crossbeam-utils v0.3.2
[INFO] [stderr]     Checking slab v0.4.0
[INFO] [stderr]     Checking tokio-executor v0.1.2
[INFO] [stderr]     Checking lazycell v0.6.0
[INFO] [stderr]    Compiling httparse v1.3.2
[INFO] [stderr]     Checking tokio-io v0.1.7
[INFO] [stderr]     Checking mio v0.6.15
[INFO] [stderr]    Compiling yansi v0.4.0
[INFO] [stderr]     Checking crossbeam-epoch v0.4.3
[INFO] [stderr]     Checking crossbeam-deque v0.3.1
[INFO] [stderr]     Checking matches v0.1.7
[INFO] [stderr]    Compiling gcc v0.3.54
[INFO] [stderr]    Compiling pkg-config v0.3.12
[INFO] [stderr]    Compiling rayon v0.7.1
[INFO] [stderr]     Checking percent-encoding v1.0.1
[INFO] [stderr]     Checking tokio-threadpool v0.1.5
[INFO] [stderr]     Checking tokio-codec v0.1.0
[INFO] [stderr]     Checking tokio-reactor v0.1.2
[INFO] [stderr]     Checking unicode-bidi v0.3.4
[INFO] [stderr]     Checking time v0.1.40
[INFO] [stderr]     Checking safemem v0.2.0
[INFO] [stderr]     Checking unicode-normalization v0.1.7
[INFO] [stderr]     Checking tokio-tcp v0.1.0
[INFO] [stderr]     Checking tokio-udp v0.1.1
[INFO] [stderr]     Checking tokio-fs v0.1.2
[INFO] [stderr]     Checking tokio-timer v0.2.4
[INFO] [stderr]    Compiling unicase v2.1.0
[INFO] [stderr]     Checking log v0.3.9
[INFO] [stderr]    Compiling openssl-sys v0.9.33
[INFO] [stderr]     Checking lazy_static v0.2.11
[INFO] [stderr]    Compiling siphasher v0.2.2
[INFO] [stderr]     Checking tokio v0.1.7
[INFO] [stderr]    Compiling phf_shared v0.7.22
[INFO] [stderr]    Compiling ring v0.11.0
[INFO] [stderr]     Checking void v1.0.2
[INFO] [stderr]    Compiling openssl v0.9.24
[INFO] [stderr]     Checking scoped-tls v0.1.2
[INFO] [stderr]     Checking idna v0.1.5
[INFO] [stderr] The following warnings were emitted during compilation:
[INFO] [stderr] 
[INFO] [stderr] warning: /opt/rustwide/target/debug/build/openssl-sys-133ce1a4fe532e80/out/expando.c:4:24: error: pasting "RUST_VERSION_OPENSSL_" and "(" does not give a valid preprocessing token
[INFO] [stderr] warning:     4 | #define VERSION2(n, v) RUST_VERSION_ ## n ## _ ## v
[INFO] [stderr] warning:       |                        ^~~~~~~~~~~~~
[INFO] [stderr] warning: /opt/rustwide/target/debug/build/openssl-sys-133ce1a4fe532e80/out/expando.c:5:23: note: in expansion of macro 'VERSION2'
[INFO] [stderr] warning:     5 | #define VERSION(n, v) VERSION2(n, v)
[INFO] [stderr] warning:       |                       ^~~~~~~~
[INFO] [stderr] warning: /opt/rustwide/target/debug/build/openssl-sys-133ce1a4fe532e80/out/expando.c:7:1: note: in expansion of macro 'VERSION'
[INFO] [stderr] warning:     7 | VERSION(OPENSSL, OPENSSL_VERSION_NUMBER)
[INFO] [stderr] warning:       | ^~~~~~~
[INFO] [stderr] 
[INFO] [stderr] error: failed to run custom build command for `openssl-sys v0.9.33`
[INFO] [stderr] note: To improve backtraces for build dependencies, set the CARGO_PROFILE_DEV_BUILD_OVERRIDE_DEBUG=true environment variable to enable debug information generation.
[INFO] [stderr] 
[INFO] [stderr] Caused by:
[INFO] [stderr]   process didn't exit successfully: `/opt/rustwide/target/debug/build/openssl-sys-01de221d7ee8f0c5/build-script-main` (exit status: 101)
[INFO] [stderr]   --- stdout
[INFO] [stderr]   cargo:rerun-if-env-changed=X86_64_UNKNOWN_LINUX_GNU_OPENSSL_LIB_DIR
[INFO] [stderr]   cargo:rerun-if-env-changed=OPENSSL_LIB_DIR
[INFO] [stderr]   cargo:rerun-if-env-changed=X86_64_UNKNOWN_LINUX_GNU_OPENSSL_INCLUDE_DIR
[INFO] [stderr]   cargo:rerun-if-env-changed=OPENSSL_INCLUDE_DIR
[INFO] [stderr]   cargo:rerun-if-env-changed=X86_64_UNKNOWN_LINUX_GNU_OPENSSL_DIR
[INFO] [stderr]   cargo:rerun-if-env-changed=OPENSSL_DIR
[INFO] [stderr]   cargo:rustc-link-lib=ssl
[INFO] [stderr]   cargo:rustc-link-lib=crypto
[INFO] [stderr]   OPT_LEVEL = Some("0")
[INFO] [stderr]   TARGET = Some("x86_64-unknown-linux-gnu")
[INFO] [stderr]   HOST = Some("x86_64-unknown-linux-gnu")
[INFO] [stderr]   TARGET = Some("x86_64-unknown-linux-gnu")
[INFO] [stderr]   TARGET = Some("x86_64-unknown-linux-gnu")
[INFO] [stderr]   HOST = Some("x86_64-unknown-linux-gnu")
[INFO] [stderr]   CC_x86_64-unknown-linux-gnu = None
[INFO] [stderr]   CC_x86_64_unknown_linux_gnu = None
[INFO] [stderr]   HOST_CC = None
[INFO] [stderr]   CC = None
[INFO] [stderr]   HOST = Some("x86_64-unknown-linux-gnu")
[INFO] [stderr]   TARGET = Some("x86_64-unknown-linux-gnu")
[INFO] [stderr]   HOST = Some("x86_64-unknown-linux-gnu")
[INFO] [stderr]   CFLAGS_x86_64-unknown-linux-gnu = None
[INFO] [stderr]   CFLAGS_x86_64_unknown_linux_gnu = None
[INFO] [stderr]   HOST_CFLAGS = None
[INFO] [stderr]   CFLAGS = None
[INFO] [stderr]   DEBUG = Some("true")
[INFO] [stderr]   running: "cc" "-O0" "-ffunction-sections" "-fdata-sections" "-fPIC" "-g" "-m64" "-Wall" "-Wextra" "-E" "/opt/rustwide/target/debug/build/openssl-sys-133ce1a4fe532e80/out/expando.c"
[INFO] [stderr]   cargo:warning=/opt/rustwide/target/debug/build/openssl-sys-133ce1a4fe532e80/out/expando.c:4:24: error: pasting "RUST_VERSION_OPENSSL_" and "(" does not give a valid preprocessing token
[INFO] [stderr]   cargo:warning=    4 | #define VERSION2(n, v) RUST_VERSION_ ## n ## _ ## v
[INFO] [stderr]   cargo:warning=      |                        ^~~~~~~~~~~~~
[INFO] [stderr]   cargo:warning=/opt/rustwide/target/debug/build/openssl-sys-133ce1a4fe532e80/out/expando.c:5:23: note: in expansion of macro 'VERSION2'
[INFO] [stderr]   cargo:warning=    5 | #define VERSION(n, v) VERSION2(n, v)
[INFO] [stderr]   cargo:warning=      |                       ^~~~~~~~
[INFO] [stderr]   cargo:warning=/opt/rustwide/target/debug/build/openssl-sys-133ce1a4fe532e80/out/expando.c:7:1: note: in expansion of macro 'VERSION'
[INFO] [stderr]   cargo:warning=    7 | VERSION(OPENSSL, OPENSSL_VERSION_NUMBER)
[INFO] [stderr]   cargo:warning=      | ^~~~~~~
[INFO] [stderr]   exit status: 1
[INFO] [stderr] 
[INFO] [stderr]   --- stderr
[INFO] [stderr]   thread 'main' panicked at '
[INFO] [stderr]   Header expansion error:
[INFO] [stderr]   Error { kind: ToolExecError, message: "Command \"cc\" \"-O0\" \"-ffunction-sections\" \"-fdata-sections\" \"-fPIC\" \"-g\" \"-m64\" \"-Wall\" \"-Wextra\" \"-E\" \"/opt/rustwide/target/debug/build/openssl-sys-133ce1a4fe532e80/out/expando.c\" with args \"cc\" did not execute successfully (status code exit status: 1)." }
[INFO] [stderr] 
[INFO] [stderr]   Failed to find OpenSSL development headers.
[INFO] [stderr] 
[INFO] [stderr]   You can try fixing this setting the `OPENSSL_DIR` environment variable
[INFO] [stderr]   pointing to your OpenSSL installation or installing OpenSSL headers package
[INFO] [stderr]   specific to your distribution:
[INFO] [stderr] 
[INFO] [stderr]       # On Ubuntu
[INFO] [stderr]       sudo apt-get install libssl-dev
[INFO] [stderr]       # On Arch Linux
[INFO] [stderr]       sudo pacman -S openssl
[INFO] [stderr]       # On Fedora
[INFO] [stderr]       sudo dnf install openssl-devel
[INFO] [stderr] 
[INFO] [stderr]   See rust-openssl README for more information:
[INFO] [stderr] 
[INFO] [stderr]       https://github.com/sfackler/rust-openssl#linux
[INFO] [stderr]   ', /opt/rustwide/cargo-home/registry/src/index.crates.io-6f17d22bba15001f/openssl-sys-0.9.33/build/main.rs:379:13
[INFO] [stderr]   stack backtrace:
[INFO] [stderr]      0:     0x55f70480f8f1 - std::backtrace_rs::backtrace::libunwind::trace::ha9d9de1bf4176bfa
[INFO] [stderr]                                  at /rustc/e6e4f7ed1589e03bc2f6c5931c1a72e7947e8682/library/std/src/../../backtrace/src/backtrace/libunwind.rs:93:5
[INFO] [stderr]      1:     0x55f70480f8f1 - std::backtrace_rs::backtrace::trace_unsynchronized::h165c36ef694ada1c
[INFO] [stderr]                                  at /rustc/e6e4f7ed1589e03bc2f6c5931c1a72e7947e8682/library/std/src/../../backtrace/src/backtrace/mod.rs:66:5
[INFO] [stderr]      2:     0x55f70480f8f1 - std::sys_common::backtrace::_print_fmt::h4d89c7ce1e89b43d
[INFO] [stderr]                                  at /rustc/e6e4f7ed1589e03bc2f6c5931c1a72e7947e8682/library/std/src/sys_common/backtrace.rs:65:5
[INFO] [stderr]      3:     0x55f70480f8f1 - <std::sys_common::backtrace::_print::DisplayBacktrace as core::fmt::Display>::fmt::hfc68e8a2f3b7b37c
[INFO] [stderr]                                  at /rustc/e6e4f7ed1589e03bc2f6c5931c1a72e7947e8682/library/std/src/sys_common/backtrace.rs:44:22
[INFO] [stderr]      4:     0x55f7048317df - core::fmt::rt::Argument::fmt::hc7dd5538f3de21b7
[INFO] [stderr]                                  at /rustc/e6e4f7ed1589e03bc2f6c5931c1a72e7947e8682/library/core/src/fmt/rt.rs:138:9
[INFO] [stderr]      5:     0x55f7048317df - core::fmt::write::hac9705ca9b43c249
[INFO] [stderr]                                  at /rustc/e6e4f7ed1589e03bc2f6c5931c1a72e7947e8682/library/core/src/fmt/mod.rs:1094:21
[INFO] [stderr]      6:     0x55f70480cfc1 - std::io::Write::write_fmt::h7bc9466b47d6774b
[INFO] [stderr]                                  at /rustc/e6e4f7ed1589e03bc2f6c5931c1a72e7947e8682/library/std/src/io/mod.rs:1713:15
[INFO] [stderr]      7:     0x55f70480f705 - std::sys_common::backtrace::_print::h03072469d8150f3e
[INFO] [stderr]                                  at /rustc/e6e4f7ed1589e03bc2f6c5931c1a72e7947e8682/library/std/src/sys_common/backtrace.rs:47:5
[INFO] [stderr]      8:     0x55f70480f705 - std::sys_common::backtrace::print::hd0f67791f02b87ae
[INFO] [stderr]                                  at /rustc/e6e4f7ed1589e03bc2f6c5931c1a72e7947e8682/library/std/src/sys_common/backtrace.rs:34:9
[INFO] [stderr]      9:     0x55f704810dd7 - std::panicking::default_hook::{{closure}}::h7c8ccb2c703d1528
[INFO] [stderr]     10:     0x55f704810bc4 - std::panicking::default_hook::h770c31d58b53801e
[INFO] [stderr]                                  at /rustc/e6e4f7ed1589e03bc2f6c5931c1a72e7947e8682/library/std/src/panicking.rs:288:9
[INFO] [stderr]     11:     0x55f70481128c - std::panicking::rust_panic_with_hook::hb50e58c42f5187f2
[INFO] [stderr]                                  at /rustc/e6e4f7ed1589e03bc2f6c5931c1a72e7947e8682/library/std/src/panicking.rs:705:13
[INFO] [stderr]     12:     0x55f704811187 - std::panicking::begin_panic_handler::{{closure}}::h4d6093b91efbd52e
[INFO] [stderr]                                  at /rustc/e6e4f7ed1589e03bc2f6c5931c1a72e7947e8682/library/std/src/panicking.rs:597:13
[INFO] [stderr]     13:     0x55f70480fd26 - std::sys_common::backtrace::__rust_end_short_backtrace::h318963d1ef4510cb
[INFO] [stderr]                                  at /rustc/e6e4f7ed1589e03bc2f6c5931c1a72e7947e8682/library/std/src/sys_common/backtrace.rs:151:18
[INFO] [stderr]     14:     0x55f704810ed2 - rust_begin_unwind
[INFO] [stderr]                                  at /rustc/e6e4f7ed1589e03bc2f6c5931c1a72e7947e8682/library/std/src/panicking.rs:593:5
[INFO] [stderr]     15:     0x55f704795693 - core::panicking::panic_fmt::h6ce9f4b93775846b
[INFO] [stderr]                                  at /rustc/e6e4f7ed1589e03bc2f6c5931c1a72e7947e8682/library/core/src/panicking.rs:67:14
[INFO] [stderr]     16:     0x55f70479b3a0 - build_script_main::validate_headers::h2eba4c9e259b50ca
[INFO] [stderr]     17:     0x55f704799b7a - build_script_main::try_pkg_config::hb392e6e071e8e4af
[INFO] [stderr]     18:     0x55f704798a0a - build_script_main::find_openssl_dir::haf0cc923f558195a
[INFO] [stderr]     19:     0x55f704798828 - build_script_main::main::{{closure}}::h7d86669a8030620f
[INFO] [stderr]     20:     0x55f70479d2c9 - core::option::Option<T>::unwrap_or_else::h0b1b25cf3854efc1
[INFO] [stderr]     21:     0x55f7047978c1 - build_script_main::main::h6a5ad4dfb86e964a
[INFO] [stderr]     22:     0x55f7047a1ad3 - core::ops::function::FnOnce::call_once::hd0b57261aa498877
[INFO] [stderr]     23:     0x55f70479daf6 - std::sys_common::backtrace::__rust_begin_short_backtrace::hadc82e6fd9285f47
[INFO] [stderr]     24:     0x55f7047a0999 - std::rt::lang_start::{{closure}}::h13ea440078126e1f
[INFO] [stderr]     25:     0x55f7048094a5 - core::ops::function::impls::<impl core::ops::function::FnOnce<A> for &F>::call_once::hb332f02ff9fc81e2
[INFO] [stderr]                                  at /rustc/e6e4f7ed1589e03bc2f6c5931c1a72e7947e8682/library/core/src/ops/function.rs:284:13
[INFO] [stderr]     26:     0x55f7048094a5 - std::panicking::try::do_call::hed879afea606d968
[INFO] [stderr]                                  at /rustc/e6e4f7ed1589e03bc2f6c5931c1a72e7947e8682/library/std/src/panicking.rs:500:40
[INFO] [stderr]     27:     0x55f7048094a5 - std::panicking::try::h395a878f3e4bd2f0
[INFO] [stderr]                                  at /rustc/e6e4f7ed1589e03bc2f6c5931c1a72e7947e8682/library/std/src/panicking.rs:464:19
[INFO] [stderr]     28:     0x55f7048094a5 - std::panic::catch_unwind::hb44b6ea043448d57
[INFO] [stderr]                                  at /rustc/e6e4f7ed1589e03bc2f6c5931c1a72e7947e8682/library/std/src/panic.rs:142:14
[INFO] [stderr]     29:     0x55f7048094a5 - std::rt::lang_start_internal::{{closure}}::h6184ba9e5b3e5fbf
[INFO] [stderr]                                  at /rustc/e6e4f7ed1589e03bc2f6c5931c1a72e7947e8682/library/std/src/rt.rs:148:48
[INFO] [stderr]     30:     0x55f7048094a5 - std::panicking::try::do_call::h8b2c97d4d3608274
[INFO] [stderr]                                  at /rustc/e6e4f7ed1589e03bc2f6c5931c1a72e7947e8682/library/std/src/panicking.rs:500:40
[INFO] [stderr]     31:     0x55f7048094a5 - std::panicking::try::hfa4cc536e097f1fe
[INFO] [stderr]                                  at /rustc/e6e4f7ed1589e03bc2f6c5931c1a72e7947e8682/library/std/src/panicking.rs:464:19
[INFO] [stderr]     32:     0x55f7048094a5 - std::panic::catch_unwind::ha3e2192625bb4844
[INFO] [stderr]                                  at /rustc/e6e4f7ed1589e03bc2f6c5931c1a72e7947e8682/library/std/src/panic.rs:142:14
[INFO] [stderr]     33:     0x55f7048094a5 - std::rt::lang_start_internal::hbd6687884d030770
[INFO] [stderr]                                  at /rustc/e6e4f7ed1589e03bc2f6c5931c1a72e7947e8682/library/std/src/rt.rs:148:20
[INFO] [stderr]     34:     0x55f7047a0977 - std::rt::lang_start::h79cd2984914d954d
[INFO] [stderr]     35:     0x55f70479c585 - main
[INFO] [stderr]     36:     0x7f11a7f9dd90 - <unknown>
[INFO] [stderr]     37:     0x7f11a7f9de40 - __libc_start_main
[INFO] [stderr]     38:     0x55f704795e25 - _start
[INFO] [stderr]     39:                0x0 - <unknown>
[INFO] [stderr] warning: build failed, waiting for other jobs to finish...
[INFO] running `Command { std: "docker" "inspect" "7ec924070a4dfc44f4108ef7e038993846256ce547865d1dce5c47ac791df79e", kill_on_drop: false }`
[INFO] running `Command { std: "docker" "rm" "-f" "7ec924070a4dfc44f4108ef7e038993846256ce547865d1dce5c47ac791df79e", kill_on_drop: false }`
[INFO] [stdout] 7ec924070a4dfc44f4108ef7e038993846256ce547865d1dce5c47ac791df79e
